common factor of h and 6?
6
Let m be (-4)/3 - 1084/6. Let z = m + 190. What is the greatest common factor of 4 and z?
4
Let n be 15/6 + 9/6. Suppose 4*l + 3*p - 223 = 6*p, -5*l - 3*p + 245 = 0. Let z = 88 - l. Calculate the greatest common factor of n and z.
4
Suppose c = -4*o + 162, -352 = -9*c + 7*c - o. Suppose c = m - 4*h, -5*m - 2*h - 478 = -1280. Let j = 57 - 39. What is the highest common factor of m and j?
18
Suppose 8*h = 13 - 61. Let d be 2/((1/h)/(-1)) - 4. Suppose -d*j + 21*j = 3640. Calculate the greatest common factor of 40 and j.
40
Suppose -7*x - 159 - 51 = 0. Let y be (6/18)/((-2)/x). Suppose -2*l - 5*g + 10 = -4*l, 0 = 4*l - 5*g. Calculate the highest common divisor of l and y.
5
Suppose -6*f - f = -260 - 1588. Calculate the highest common divisor of 96 and f.
24
Suppose -246 = -4*w - 206. Suppose -1 + 22 = -3*g. Let y = -5 - g. Calculate the highest common divisor of w and y.
2
Let b(t) = 3*t**3 - 61*t**2 + 57*t + 39. Let f be b(20). What is the highest common divisor of 3 and f?
1
Let m = 189 - 36. Suppose m = 3*r + 3. Let n be (0 + -1)/((-14)/280). What is the highest common factor of n and r?
10
Let f(i) = 5*i**2 + 51*i - 422. Let a be f(8). What is the highest common divisor of 136 and a?
34
Suppose -33*j = -j - 321600. What is the highest common divisor of 20 and j?
10
Let q(r) = r**3 - 26*r**2 + 35*r - 238. Let f be q(25). Calculate the greatest common divisor of 20208 and f.
12
Let g = -171 - -792. Let a(w) = -32*w**3 - 5*w**2 - w - 1. Let m be a(-1). Calculate the greatest common divisor of m and g.
27
Let z be (((-1)/4)/(24/(-96)))/(-1). Let d be (9/6)/((-92)/96 - z). What is the highest common divisor of 4 and d?
4
Let x be 6132/56 - (-6)/(-4). Let c = x + 18. Calculate the highest common divisor of c and 63.
63
Let g(m) = -m**3 + 12*m**2 + m - 15. Let b be g(6). Let w = 163 - 94. Suppose 11*k = 8*k + w. Calculate the greatest common factor of k and b.
23
Suppose 331 = 4*x - 9. Let o = 45063 + -45053. What is the greatest common factor of o and x?
5
Let z(v) = 2*v**3 - 23*v**2 - 53*v - 33. Let l be z(15). Suppose 116 = 2*p - 50. Calculate the greatest common divisor of l and p.
83
Let o(p) = 53*p**2 + 14*p + 12. Let b be o(-19). Let a be (b/(-116))/((-6)/16). Calculate the greatest common factor of a and 124.
62
Let d(o) = -256*o - 1764. Let z be d(-7). Calculate the highest common factor of 133 and z.
7
Let h be (-1 - 81244/(-12) - 1) + 6/(-18). What is the highest common factor of h and 144?
144
Let q = 87 - 86. Let p be (-1 + 13)*(1 + q). Let r be ((-9)/(-5))/(33/220). Calculate the greatest common factor of p and r.
12
Suppose 5*i - 2 = -3*f + 2, 4 = -2*f. Suppose 0 = -4*a - 5*w + 19, -3*a - w = i*w - 18. Calculate the greatest common factor of a and 99.
11
Suppose 32*p + 54 = 36*p + 3*t, -2*p = -t - 42. Calculate the highest common divisor of p and 4086.
18
Suppose -6100 = -114*a + 110*a. What is the greatest common factor of a and 61?
61
Let a(n) = -n + 29. Suppose 5 - 2 = 3*g. Let l be (-2)/((5/95)/(g/(-2))). Let k be a(l). What is the greatest common divisor of 110 and k?
10
Let g = 27 + -31. Let v be ((-4)/(-7))/g + (-8294)/(-91). Let d(y) = y + 1. Let k be d(6). What is the highest common factor of k and v?
7
Let n = -9 - -13. Suppose 21 + 7 = n*j. Suppose 2*l - 2 - 6 = 0, 4*l - 331 = -5*a. What is the greatest common factor of j and a?
7
Let u(g) = g**2 - 2. Let a be u(-3). Suppose -37*h + 24*h = -1547. What is the highest common factor of a and h?
7
Suppose -2*r + 48 - 294 = 0. Suppose 12*i = 2411 - 395. Let o = r + i. What is the greatest common divisor of o and 15?
15
Suppose 72 = -4*k - 56. Let a be 7492/100 - k/400. What is the highest common divisor of 3 and a?
3
Suppose 0 = -4*m + 3*z + 1173, 360*z = 358*z + 10. Calculate the greatest common factor of 15 and m.
3
Suppose -2*o - 14*l + 9*l + 1395 = 0, 2110 = 3*o + 5*l. What is the highest common divisor of o and 195?
65
Let u = -55 + 160. Suppose -28*a + 626 + 396 = 45*a. What is the highest common factor of a and u?
7
Let r(h) = 2*h**2 + 93*h - 353. Let p be r(-74). Calculate the greatest common factor of p and 7.
7
Let r(v) = -2*v**2 - 36*v + 8. Let z be r(-18). Let g be 5 - 2 - -40 - z. What is the highest common factor of g and 280?
35
Let s be (125/(-1250)*(1 + -46))/((-3)/(-4)). Suppose -3*w - 2*u + 37 = 0, -4*u - 46 = -w - w. What is the greatest common factor of s and w?
3
Let o(w) = w**3 - 27*w**2 + 178*w - 111. Let b be o(17). What is the highest common divisor of b and 21025?
25
Suppose -1218 - 3069 - 7303 = -305*i. Let c be (-57)/((-19)/(-22) + -1). What is the greatest common divisor of c and i?
38
Let k be 69/4 + (-2)/8. Suppose 1 = -4*n + k. Suppose -2*h - 2*c = -3*h + 23, 0 = -n*h + 2*c + 68. What is the highest common divisor of h and 120?
15
Let u = -12320 + 12452. Calculate the greatest common factor of u and 81.
3
Let k = -197 + 183. Let c be (-1012)/k + (161/(-49) - -3). Let y = -1 - -9. What is the greatest common divisor of c and y?
8
Suppose 5*g + 18 = 5*j - 67, 0 = -3*g - 12. Let v = -29 + 95. Let u = v - 40. Calculate the greatest common factor of u and j.
13
Suppose 432 = 7*l - 366. What is the greatest common divisor of l and 1406?
38
Suppose 0 = -g - 5*c - 21, 2*g + c + 3 - 6 = 0. Suppose -1420 = -g*a - 16*a. What is the greatest common factor of 355 and a?
71
Let r = -2 - -49. Suppose -3*v = -10 - r. Suppose -206 = -9*q + v. Calculate the greatest common divisor of q and 50.
25
Let r = 35940 - 35700. Calculate the greatest common factor of 13872 and r.
48
Let o be -2 + (-13)/(-8) + 17260/32. Calculate the greatest common divisor of o and 1232.
77
Let r(m) = -14*m + 92. Let h be r(6). Suppose 7*q - 8*q + h = 0. Calculate the highest common factor of 56 and q.
8
Suppose 2*x + 0*x - 6 = 0, 8 = -2*a + 4*x. Suppose 91 = 4*f + 5*o, 3*f = -a*o - 3 + 73. Let c = 652 - 628. Calculate the highest common divisor of f and c.
24
Let m(a) = 2*a**2 - 14*a - 24. Let p be m(19). Suppose 4*t - p = -5*o, 0 = -0*o + o - 2*t - 92. Calculate the highest common factor of o and 66.
22
Suppose 241*i + 798 = 279*i. Suppose -2*o + 12 = -2*r, -o - 5 = 3*r + 1. What is the greatest common factor of o and i?
3
Suppose -4*j - 24 = -8*j. Suppose z = -4*n - 19, n - 2 = -3. Let b be 0 - (-6)/z*-5. What is the highest common factor of j and b?
2
Let y = 40955 + -24515. What is the highest common divisor of 8 and y?
8
Let v = -101 + 149. Let g(l) = -4*l - v - 42 + 82. Let u be g(-7). Calculate the highest common divisor of u and 180.
20
Suppose 16*z - 8599 - 15221 = -508. Calculate the greatest common factor of 47 and z.
47
Let q be (-198)/27*12/(-8). Let z = 667 + -284. Suppose -d = 2*d + 15, 4*d + z = 3*u. What is the greatest common divisor of u and q?
11
Suppose -2*l + 230 + 1012 = -2*r, 0 = 5*r. What is the greatest common divisor of 437 and l?
23
Let i = 599 - -2172. What is the highest common factor of i and 17?
17
Let b be (4/(-3))/(21 + -25)*(44419 + -1). What is the greatest common divisor of 22 and b?
22
Suppose 5*b - 2 = -2*s, 3*b + 3*s = -0*s - 6. Suppose b*m = 69 + 103. Let o = -74 + m. Calculate the highest common divisor of 96 and o.
12
Suppose 0 = r + 6*l - 3, -2*l + 147 = 4*r - 5*l. What is the highest common divisor of r and 2893?
11
Let i = 440 + -187. Let h = i - 243. What is the highest common divisor of 40 and h?
10
Let k(h) = -2*h**3 + 9*h - 8. Let m be k(-7). Let w = m + -335. Calculate the highest common divisor of w and 56.
56
Let o be 2/(-4)*-32 - -167. Calculate the highest common factor of 6 and o.
3
Suppose 5*x = 4*b + 29 + 17, 3*b = -4*x + 43. Let a(z) = -z**2 - 3*z + 4. Let n be a(-3). Let r = 1 + n. What is the greatest common divisor of r and x?
5
Suppose 0 = 7*c - 2*c - 15. Let r(a) = -a + 7 + 7 + 4 - 11. Let v be r(3). What is the greatest common divisor of c and v?
1
Let r(n) = -37*n - 1021. Let a be r(-28). Calculate the greatest common divisor of 6585 and a.
15
Suppose 3*u - 4035 = 60*q - 57*q, -6716 = -5*u + 2*q. Calculate the greatest common factor of 88 and u.
22
Suppose -m = -112 + 13. Suppose 4*n + 3*n = 154. Calculate the highest common divisor of n and m.
11
Let y be 4/26 - 693/(-819). Let x be -3*(y/5)/(45/(-525)). Calculate the highest common factor of 217 and x.
7
Let l = -1895 - -2021. What is the h